2882, u = -p + 1436. Calculate the remainder when u is divided by 40.
38
Let u = -134 - -258. Calculate the remainder when u is divided by 6/69 + 7428/276.
16
Suppose 120*m - 83601 - 176559 = 0. Calculate the remainder when m is divided by 12.
8
Let c be (-1)/((25/(-20))/5). Suppose -861 = -q - c*q - 2*u, -q = u - 171. Suppose 0 = 5*i - 792 - q. Calculate the remainder when i is divided by 14.
11
Calculate the remainder when 10623 is divided by -7 + 19 + 4 - (-6 + 4 + -5).
20
Let n be (-36)/(-126) - 11028/(-14). Let z = n + -490. Calculate the remainder when z is divided by 73.
6
Suppose 4*v = r - 3295, 2*r - 13*v - 6686 = -17*v. Calculate the remainder when r is divided by 7.
2
Let q = 487 + -421. Calculate the remainder when q is divided by 25.
16
Let g(v) = -v**3 - 23*v**2 - 156*v + 36. What is the remainder when g(-21) is divided by 16?
14
Let d(o) = o**3 + 4*o**2 - 9*o - 14. Let a be d(-6). Let t(m) = 2*m**2 + 63*m - 16. What is the remainder when 28 is divided by t(a)?
12
Let d = 8 + 12. Suppose v - d = -3*v. Suppose v*l - 3*l - 38 = 0. Calculate the remainder when 53 is divided by l.
15
Suppose -351 = -5*d - 2*b, 57 = -3*d + 4*b + 278. What is the remainder when 209 is divided by d?
67
Suppose 10 = 2*k, 33*g = 29*g - 2*k + 626. Calculate the remainder when 455 is divided by g.
147
Suppose 1026 = 11*a + 432. Calculate the remainder when 1295 is divided by a.
53
Suppose 2*l - 785 - 2875 = -10*l. What is the remainder when 832 is divided by l?
222
Suppose 18 = g - 4*r, -2*g + 33 = 2*r - 7*r. Suppose -p - 2*v = 3*v - 35, -310 = -5*p + 2*v. What is the remainder when p/160 - (-1290)/16 is divided by g?
11
Suppose -56*m + 154*m - 3626 = 0. What is the remainder when 1440 is divided by m?
34
Let n(w) be the third derivative of -19*w**4/12 + 5*w**3/3 - 6*w**2. Let m be n(-2). Suppose 10*i = 8*i + m. What is the remainder when i is divided by 16?
11
Let i = -206 - -859. Suppose -4*g = -3*r + 14 + 388, 5*r - g = i. Calculate the remainder when r is divided by 68.
62
Let i = 45 - 42. Let m(v) be the third derivative of -v**6/120 + v**5/15 + v**4/4 - 7*v**3/6 + 16*v**2. What is the remainder when 75 is divided by m(i)?
15
Suppose -8*r + 14*r = 156. Suppose -r*n + 549 = -257. Suppose -4*w + 3*j = -493, 3*w - 3*j + j = 369. What is the remainder when w is divided by n?
28
Suppose 2*x = -2*w - 0*x + 272, 0 = 3*w - 6*x - 444. Calculate the remainder when 950 is divided by w.
110
Let v(g) = 7 + 36*g - 26*g - 11*g + 18. Let s(a) = 8*a**2 - a - 1. Let z be s(-1). What is the remainder when 33 is divided by v(z)?
16
Suppose 4*y - 3*o = 1487 - 159, 332 = y + o. What is the remainder when y is divided by 67?
64
Let g = -264 + 269. Suppose -10 = -4*q + 10, g*n - 70 = 5*q. Calculate the remainder when 68 is divided by n.
11
Suppose -13*g = -14*g - 2*r + 64, g - r = 64. Suppose 0 = -s + 4 + 14. Calculate the remainder when g is divided by s.
10
Let s(r) = 768*r - 5367. What is the remainder when 3185 is divided by s(7)?
8
Suppose -29*u = 67*u - 27*u - 59547. Calculate the remainder when u is divided by 857.
6
Calculate the remainder when 2286/1016 + (-2)/(16/(-1622)) is divided by 104.
101
Suppose -22 = -k - 10*k. Suppose -5*y + 88 = 2*z - k*y, 0 = 4*z + y - 156. Calculate the remainder when z is divided by 10.
8
Let y = 451 - 170. Let p = 293 - y. Calculate the remainder when 239 is divided by p.
11
Suppose -1344 = -3*c - 3*v, 2*c = -c - 5*v + 1344. What is the remainder when c/48*(26/4 + 1) is divided by 25?
20
Let t be (-41 - 2) + 3 + (-6 - -1). Let v = 47 + t. What is the remainder when 12 is divided by (35/(-2))/(-5)*v?
5
Let k = 93 - 89. Suppose k*n = 6*n - 26. Let p = -37 - -61. What is the remainder when p is divided by n?
11
Let h(w) = -w**3 + 8*w**2 - 10*w - 7. Let b be h(6). Suppose -34 = -b*l + 156. Calculate the remainder when 98 is divided by l.
22
Suppose 0 = -76*y + 30590 + 11514. Calculate the remainder when y is divided by 142.
128
Suppose 0 = -2*z + 5*n + 46, 2*n - 684 = -2*z - 694. Calculate the remainder when 857 is divided by z.
2
What is the remainder when 3/1 + ((-450)/(-120))/((-20)/(-848)) is divided by 115?
47
Let x(b) = -b**2 + 33*b - 27. Let d(y) = y**3 - 7*y**2 + 7*y. Let f be d(6). Let s = f + 17. What is the remainder when x(28) is divided by s?
21
Suppose -68*g = 5*c - 67*g - 49, 0 = -6*c + 2*g + 46. Calculate the remainder when (-175)/(-3) + (-4)/(-6) is divided by c.
5
Let o(w) = -3*w + 32. Let m(j) = 0*j + 4*j**2 + 7 + j - 3*j**2 + 3*j. Calculate the remainder when o(-1) is divided by m(-6).
16
Let u(v) = v**2 + 10*v + 6. Let l be u(12). Suppose -13*f = -4*f - l. Suppose -o - 4*c = -37, -5*c - 25 = -10*c. Calculate the remainder when f is divided by o.
13
Suppose 0 = 2*a - 48 + 36, h - 93 = -5*a. What is the remainder when 451 is divided by h?
10
Let i(c) = 2*c**3 - 9*c + 5. Let w be i(6). Suppose -w - 805 = -6*l. What is the remainder when l is divided by 68?
62
Let f = -120 - -265. What is the remainder when f is divided by ((-6)/(-3) + -3)/((-16)/336)?
19
Suppose -5*b = 2*r + 200 - 939, -4*b - 3*r = -594. Suppose -17*o + b + 40 = 0. Calculate the remainder when 239 is divided by o.
8
Let a(h) = 466*h**2 + 2*h + 1. Let u be a(-1). Suppose j = t - 0*t + 97, -5*j + t + u = 0. What is the remainder when j is divided by 28 + -1 + 0 + 5 + 0?
28
Let a(z) = 6*z**3 + 108*z**2 + 11*z + 145. What is the remainder when a(-17) is divided by 1684?
8
Suppose -22*q - 7*g - 886 = -24*q, -2*q + 886 = 5*g. Calculate the remainder when q is divided by 12.
11
Let c = 28632 - 28593. Let h(q) = q**3 + 2*q**2 - 5*q + 1. Let d = 1 + 3. Calculate the remainder when h(d) is divided by c.
38
Suppose 1 = m - 4*v + 15, 4*m - 4 = v. Let h = -492 + 498. Calculate the remainder when h is divided by m.
0
Let u(q) = -q**3 + 12*q**2 - 11*q + 28. Let m be u(8). Suppose -25*o = -29*o + m. What is the remainder when o is divided by 20?
9
Suppose 49 = y - 3*m, -5*m + 0 = -5. Let k be ((-34)/(-102))/(2/(-30) - 0). What is the remainder when y is divided by (3 + -3)/k - -18?
16
What is the remainder when (0 - 2)*1*150/(-4) is divided by ((-6)/(-30) + (-676)/(-20))*1?
7
Let h(w) = w**2 + 90*w + 2071. Let q(g) = -4*g - 2. Let x be q(11). Let l = x + 142. What is the remainder when l is divided by h(-47)?
46
Let y(c) = -10*c - 4. Let z be y(-1). Let x be (-1 + (-51)/(-15))/(z/20). Suppose x*t - 1625 = -5*t. What is the remainder when t is divided by 18?
17
Let d = 155 + -81. Let s = -58 - -85. Calculate the remainder when d is divided by s.
20
Let v(t) be the second derivative of t**5/20 + 7*t**4/6 - t**3/2 - 21*t**2 - 2*t - 7. What is the remainder when v(-13) is divided by 56?
54
Suppose -130 = 3*j + 2*a, -14*a - 8 = -10*a. Let m = j + 44. Calculate the remainder when 62 is divided by m.
0
Let s(q) = -661*q - 3957. Let m(t) = 17*t**3 + t**2 + 1. Calculate the remainder when m(2) is divided by s(-6).
6
Let z = -2232 + 2318. What is the remainder when 181 is divided by z?
9
Let k be (-44)/(-28) + 3 - (-36)/(-63). Suppose 2*i - 3*i + 52 = 3*m, 3*i - 66 = -k*m. Calculate the remainder when m is divided by 14.
4
Suppose s - 13 = -10. Suppose -s*b - 16 = -7*b. Suppose 12 = -b*u - 0*u + 5*y, -3*y + 12 = 0. What is the remainder when 8 is divided by u?
0
What is the remainder when 1306 is divided by (-6 - -2592)*1*-1*(-8)/48?
13
Suppose 54*a + 79*a = 30*a + 418077. What is the remainder when a is divided by 140?
139
Let v = -434 + 456. Let o = 116 - 28. Suppose -5*g = -t + 29, 5*t + 35 = 2*g + o. What is the remainder when v is divided by t?
4
What is the remainder when (253/(-198) + 6/(-27))*35320/(-6) is divided by 69?
67
Let f be 1/(2256/(-452) + 5). Let s = f - 59. Calculate the remainder when s is divided by 48.
6
Suppose -y - 3*y - 18 = -t, -y - 10 = -3*t. Let p(l) = -7*l**3 - 3*l + 6*l**3 - t*l + 6 + 1 - 5*l**2. Calculate the remainder when 21 is divided by p(-4).
10
Let r = 10 + -5. Suppose 0 = -2*b + 133 - 49. Suppose -b = -r*u + 183. What is the remainder when u is divided by 23?
22
Let u be 4*-1*9*1/(-12). Suppose u*x + 6 = 6*f - 5*f, 5*x = 10. Calculate the remainder when 22 is divided by f.
10
Let o = -3062 - -3364. What is the remainder when o is divided by 55?
27
Let c = 145 + 21. Let l(i) = i**3 + 20*i**2 + 34*i + 2. Calculate the remainder when c is d